3
Calculate the highest common factor of 4779 and 36045.
81
Calculate the highest common divisor of 40 and 12513672.
8
Calculate the greatest common factor of 739282 and 1738.
158
Calculate the highest common factor of 1879 and 111554351.
1879
What is the highest common divisor of 238517278 and 212?
106
Calculate the greatest common factor of 17161 and 3660140.
131
Calculate the greatest common divisor of 173862 and 360.
18
Calculate the highest common factor of 2781426 and 1038918.
2994
Calculate the greatest common factor of 2375 and 1200375.
125
What is the greatest common divisor of 592 and 47062520?
296
What is the greatest common divisor of 1131 and 21727641?
1131
Calculate the highest common factor of 1757320 and 1280.
40
Calculate the highest common divisor of 1124300 and 1320.
20
Calculate the highest common factor of 904835 and 3685.
335
Calculate the greatest common divisor of 3317166 and 58374.
2538
What is the greatest common factor of 1191756 and 5328?
12
Calculate the highest common divisor of 9271 and 2682677.
73
What is the greatest common factor of 89784 and 22464?
72
Calculate the greatest common factor of 832 and 4286152.
104
Calculate the greatest common divisor of 24 and 103194552.
24
Calculate the greatest common factor of 21436 and 4746556.
92
What is the highest common divisor of 3783 and 64065105?
3783
Calculate the highest common divisor of 380508194 and 154.
22
Calculate the greatest common divisor of 1071 and 1025253.
153
Calculate the greatest common factor of 2904900 and 253.
23
Calculate the greatest common factor of 1398147 and 30153.
1587
Calculate the greatest common divisor of 79510136 and 152.
152
Calculate the greatest common divisor of 27182896 and 234.
26
What is the highest common divisor of 30009 and 5493?
3
What is the highest common divisor of 315 and 50163480?
45
Calculate the highest common factor of 30728 and 1110884.
668
Calculate the highest common divisor of 396681 and 5727.
69
Calculate the highest common divisor of 682065 and 81765.
1035
Calculate the highest common factor of 492 and 46617.
123
Calculate the highest common divisor of 2095465844 and 2812.
2812
Calculate the greatest common factor of 3288 and 64058460.
1644
Calculate the highest common divisor of 30476646 and 2736.
342
Calculate the highest common divisor of 77437855 and 814.
407
What is the highest common factor of 568918 and 24?
2
What is the highest common factor of 56879540 and 215?
215
Calculate the highest common divisor of 145188 and 35187.
111
What is the highest common divisor of 16 and 936768672?
16
Calculate the greatest common divisor of 3754801 and 447804.
1777
Calculate the greatest common factor of 279162 and 9178.
26
Calculate the greatest common divisor of 12590219 and 47.
47
Calculate the greatest common divisor of 1425109 and 112.
7
Calculate the greatest common factor of 5570 and 23470.
10
What is the greatest common factor of 164542 and 67160?
3358
Calculate the highest common factor of 14754093 and 19779.
1041
What is the highest common factor of 239143 and 1534271?
89
Calculate the highest common divisor of 31740745 and 5170.
235
Calculate the greatest common divisor of 18634592 and 114.
38
Calculate the greatest common factor of 26151 and 21948648.
1137
Calculate the highest common factor of 1806466 and 1472.
46
Calculate the highest common divisor of 18673 and 4555160.
263
What is the greatest common factor of 2090 and 140934970?
2090
What is the greatest common factor of 12019382 and 1178?
62
Calculate the greatest common factor of 360 and 7364904.
24
Calculate the highest common factor of 6800 and 126225.
425
What is the highest common factor of 17870 and 68710?
10
What is the greatest common divisor of 1012 and 1233562?
22
Calculate the greatest common factor of 1482075 and 33390.
315
Calculate the highest common factor of 153073 and 59.
1
Calculate the highest common divisor of 266750 and 1648030.
970
What is the highest common factor of 6486596 and 124712?
524
What is the highest common divisor of 1792343 and 28?
7
What is the greatest common factor of 2314216 and 167560?
472
Calculate the greatest common factor of 113648 and 207471527.
7103
Calculate the highest common divisor of 8115159 and 150420.
7521
What is the highest common factor of 231545808 and 1611?
1611
Calculate the highest common factor of 576 and 86549072.
16
What is the highest common factor of 1026 and 72298?
2
Calculate the highest common divisor of 3806 and 1452770.
22
What is the greatest common divisor of 639566 and 8207?
29
What is the highest common factor of 21624 and 58989?
159
What is the highest common factor of 534127686 and 2616?
654
What is the greatest common divisor of 4 and 2557105?
1
What is the highest common divisor of 9468532 and 356?
356
What is the highest common factor of 4099842 and 3007211?
3301
Calculate the highest common factor of 1930170 and 990.
330
Calculate the greatest common divisor of 5573977 and 476.
17
Calculate the highest common divisor of 3006675 and 16215.
345
What is the highest common divisor of 202962558 and 714?
102
Calculate the greatest common factor of 18912 and 1201800.
24
What is the highest common divisor of 152 and 10756964?
76
What is the greatest common divisor of 12 and 11479554?
6
What is the highest common factor of 161286456 and 656?
328
Calculate the greatest common divisor of 56140 and 227780.
140
Calculate the highest common factor of 1890 and 1063798785.
945
What is the highest common factor of 2794 and 9273308?
22
What is the greatest common factor of 976132 and 52?
4
What is the greatest common factor of 4304 and 1213981936?
4304
What is the highest common factor of 3120 and 472965?
15
Calculate the greatest common factor of 35 and 8513765.
5
What is the highest common divisor of 400 and 3957760?
80
What is the highest common factor of 14790 and 1883550?
870
Calculate the highest common divisor of 327 and 10669247.
109
Calculate the greatest common divisor of 44 and 10335816.
4
Calculate the greatest common divisor of 392 and 42232.
8
Calculate the highest common divisor of 160 and 176667520.
160
Calculate the highest common factor of 88440 and 1836450.
330
What is the greatest common factor of 87006 and 5593?
17
What is the greatest common divisor of 18526224 and 22080?
1104
What is the highest common factor of 100776 and 143526?
114
Calculate the greatest common factor of 1109931 and 240087.
1257
What is the highest common factor of 346 and 707526058?
346
Calculate the highest common divisor of 1014074 and 13741813.
3701
What is the greatest common factor of 200598 and 70082?
134
What is the highest common factor of 3082982 and 6176?
386
What is the highest common factor of 211462 and 334098?
46
Calculate the greatest common factor of 93912546 and 1638.
546
Calculate the greatest common factor of 6844110 and 310323.
4251
Calculate the highest common factor of 1479 and 1070709.
87
What is the highest common divisor of 1076435 and 375715?
2305
What is the greatest common factor of 941890 and 310?
10
What is the highest common factor of 40280 and 145920?
760
What is the greatest common factor of 2237090 and 13262?
698
Calculate the greatest common divisor of 2016 and 44649864.
504
Calculate the highest common factor of 31 and 616278853.
31
What is the greatest common factor of 28 and 724062388?
28
What is the highest common divisor of 186 and 1705558?
62
Calculate the greatest common factor of 36408 and 106584.
24
What is the highest common factor of 240138101 and 301?
301
Calculate the greatest common factor of 3044590 and 5.
5
Calculate the highest common factor of 178119 and 975623.
733
Calculate the greatest common factor of 5157880 and 585.
65
What is the highest common factor of 778 and 18166?
2
What is the greatest common factor of 8095340 and 4805?
155
Calculate the highest common divisor of 114452195 and 220.
55
Calculate the greatest common factor of 24529 and 6198883.
19
Calculate the greatest common factor of 14963292 and 648.
324
Calculate the highest common factor of 1253425 and 588902.
277
Calculate the highest common factor of 47566 and 103224.
34
Calculate the highest common divisor of 1242978 and 1386516.
3054
Calculate the greatest common diviso